{"id":622,"date":"2015-10-04T13:25:27","date_gmt":"2015-10-04T11:25:27","guid":{"rendered":"http:\/\/www.stabhochteam.ch\/?page_id=622"},"modified":"2023-05-08T18:41:16","modified_gmt":"2023-05-08T16:41:16","slug":"athleten","status":"publish","type":"page","link":"http:\/\/www.stabhochteam.ch\/?page_id=622","title":{"rendered":"Athleten"},"content":{"rendered":"<div id=\"attachment_655\" style=\"width: 160px\" class=\"wp-caption alignleft\"><a href=\"http:\/\/www.stabhochteam.ch\/?page_id=654\"><img aria-describedby=\"caption-attachment-655\" decoding=\"async\" loading=\"lazy\" class=\"wp-image-655 size-thumbnail\" src=\"http:\/\/www.stabhochteam.ch\/wp-content\/uploads\/2015\/10\/SM-U23-Basel-2015-1-150x150.jpg\" alt=\"\" width=\"150\" height=\"150\" \/><\/a><p id=\"caption-attachment-655\" class=\"wp-caption-text\">Marco Jost<\/p><\/div>\n<div id=\"attachment_1532\" style=\"width: 160px\" class=\"wp-caption alignleft\"><a href=\"http:\/\/www.stabhochteam.ch\/?page_id=1600\"><img aria-describedby=\"caption-attachment-1532\" decoding=\"async\" loading=\"lazy\" class=\"wp-image-1532 size-thumbnail\" src=\"http:\/\/www.stabhochteam.ch\/wp-content\/uploads\/2017\/06\/k-DSC_4152-e1501841932131-150x150.jpg\" alt=\"k-DSC_4152\" width=\"150\" height=\"150\" \/><\/a><p id=\"caption-attachment-1532\" class=\"wp-caption-text\">Edith Burkard<\/p><\/div>\n<div id=\"attachment_1591\" style=\"width: 160px\" class=\"wp-caption alignleft\"><a href=\"http:\/\/www.stabhochteam.ch\/?page_id=1587\"><img aria-describedby=\"caption-attachment-1591\" decoding=\"async\" loading=\"lazy\" class=\"wp-image-1591 size-thumbnail\" src=\"http:\/\/www.stabhochteam.ch\/wp-content\/uploads\/2017\/07\/FM9I0337b-150x150.jpg\" alt=\"FM9I0337b\" width=\"150\" height=\"150\" \/><\/a><p id=\"caption-attachment-1591\" class=\"wp-caption-text\">Corina K\u00fcttel<\/p><\/div>\n<div id=\"attachment_641\" style=\"width: 160px\" class=\"wp-caption alignleft\"><a href=\"http:\/\/www.stabhochteam.ch\/?page_id=638\"><img aria-describedby=\"caption-attachment-641\" decoding=\"async\" loading=\"lazy\" class=\"wp-image-641 size-thumbnail\" src=\"http:\/\/www.stabhochteam.ch\/wp-content\/uploads\/2015\/10\/sacaf-150x150.jpg\" alt=\"\" width=\"150\" height=\"150\" srcset=\"http:\/\/www.stabhochteam.ch\/wp-content\/uploads\/2015\/10\/sacaf-150x150.jpg 150w, http:\/\/www.stabhochteam.ch\/wp-content\/uploads\/2015\/10\/sacaf.jpg 200w\" sizes=\"(max-width: 150px) 100vw, 150px\" \/><\/a><p id=\"caption-attachment-641\" class=\"wp-caption-text\">Pascal Schroeter-Sakslund<\/p><\/div>\n<div id=\"attachment_647\" style=\"width: 160px\" class=\"wp-caption alignleft\"><a href=\"http:\/\/www.stabhochteam.ch\/?page_id=646\"><img aria-describedby=\"caption-attachment-647\" decoding=\"async\" loading=\"lazy\" class=\"wp-image-647 size-thumbnail\" src=\"http:\/\/www.stabhochteam.ch\/wp-content\/uploads\/2015\/10\/Samanta-Pfister-150x150.jpg\" alt=\"\" width=\"150\" height=\"150\" \/><\/a><p id=\"caption-attachment-647\" class=\"wp-caption-text\">Samanta Pfister<\/p><\/div>\n<div id=\"attachment_664\" style=\"width: 160px\" class=\"wp-caption alignleft\"><a href=\"http:\/\/www.stabhochteam.ch\/?page_id=663\"><img aria-describedby=\"caption-attachment-664\" decoding=\"async\" loading=\"lazy\" class=\"wp-image-664 size-thumbnail\" src=\"http:\/\/www.stabhochteam.ch\/wp-content\/uploads\/2015\/10\/Fabio-150x150.jpg\" alt=\"\" width=\"150\" height=\"150\" \/><\/a><p id=\"caption-attachment-664\" class=\"wp-caption-text\">Fabio Christen<\/p><\/div>\n<div id=\"attachment_674\" style=\"width: 160px\" class=\"wp-caption alignleft\"><a href=\"http:\/\/www.stabhochteam.ch\/?page_id=670\"><img aria-describedby=\"caption-attachment-674\" decoding=\"async\" loading=\"lazy\" class=\"wp-image-674 size-thumbnail\" src=\"http:\/\/www.stabhochteam.ch\/wp-content\/uploads\/2015\/10\/P1040012-150x150.jpg\" alt=\"\" width=\"150\" height=\"150\" \/><\/a><p id=\"caption-attachment-674\" class=\"wp-caption-text\">Janine K\u00fcttel<\/p><\/div>\n<div id=\"attachment_692\" style=\"width: 160px\" class=\"wp-caption alignleft\"><a href=\"http:\/\/www.stabhochteam.ch\/?page_id=687\"><img aria-describedby=\"caption-attachment-692\" decoding=\"async\" loading=\"lazy\" class=\"wp-image-692 size-thumbnail\" src=\"http:\/\/www.stabhochteam.ch\/wp-content\/uploads\/2015\/10\/fabian-1-150x150.jpg\" alt=\"\" width=\"150\" height=\"150\" \/><\/a><p id=\"caption-attachment-692\" class=\"wp-caption-text\">Fabian Steffen<\/p><\/div>\n<div id=\"attachment_699\" style=\"width: 160px\" class=\"wp-caption alignleft\"><a href=\"http:\/\/www.stabhochteam.ch\/?page_id=698\"><img aria-describedby=\"caption-attachment-699\" decoding=\"async\" loading=\"lazy\" class=\"wp-image-699 size-thumbnail\" src=\"http:\/\/www.stabhochteam.ch\/wp-content\/uploads\/2015\/10\/sandra-150x150.jpg\" alt=\"\" width=\"150\" height=\"150\" \/><\/a><p id=\"caption-attachment-699\" class=\"wp-caption-text\">Sandra Bieler<\/p><\/div>\n<div id=\"attachment_708\" style=\"width: 160px\" class=\"wp-caption alignleft\"><a href=\"http:\/\/www.stabhochteam.ch\/?page_id=706\"><img aria-describedby=\"caption-attachment-708\" decoding=\"async\" loading=\"lazy\" class=\"wp-image-708 size-thumbnail\" src=\"http:\/\/www.stabhochteam.ch\/wp-content\/uploads\/2015\/10\/eliane-3-150x150.jpg\" alt=\"\" width=\"150\" height=\"150\" \/><\/a><p id=\"caption-attachment-708\" class=\"wp-caption-text\">Eliane B\u00fcrgi<\/p><\/div>\n<div id=\"attachment_719\" style=\"width: 160px\" class=\"wp-caption alignleft\"><a href=\"http:\/\/www.stabhochteam.ch\/?page_id=715\"><img aria-describedby=\"caption-attachment-719\" decoding=\"async\" loading=\"lazy\" class=\"wp-image-719 size-thumbnail\" src=\"http:\/\/www.stabhochteam.ch\/wp-content\/uploads\/2015\/10\/Julian-Sutter-150x150.jpg\" alt=\"Julian Sutter\" width=\"150\" height=\"150\" \/><\/a><p id=\"caption-attachment-719\" class=\"wp-caption-text\">Julian Sutter<\/p><\/div>\n","protected":false},"excerpt":{"rendered":"Marco Jost Edith Burkard Corina K\u00fcttel Pascal Schroeter-Sakslund Samanta Pfister Fabio Christen Janine K\u00fcttel Fabian Steffen Sandra Bieler Eliane B\u00fcrgi Julian Sutter","protected":false},"author":2,"featured_media":0,"parent":0,"menu_order":3,"comment_status":"closed","ping_status":"closed","template":"","meta":[],"_links":{"self":[{"href":"http:\/\/www.stabhochteam.ch\/index.php?rest_route=\/wp\/v2\/pages\/622"}],"collection":[{"href":"http:\/\/www.stabhochteam.ch\/index.php?rest_route=\/wp\/v2\/pages"}],"about":[{"href":"http:\/\/www.stabhochteam.ch\/index.php?rest_route=\/wp\/v2\/types\/page"}],"author":[{"embeddable":true,"href":"http:\/\/www.stabhochteam.ch\/index.php?rest_route=\/wp\/v2\/users\/2"}],"replies":[{"embeddable":true,"href":"http:\/\/www.stabhochteam.ch\/index.php?rest_route=%2Fwp%2Fv2%2Fcomments&post=622"}],"version-history":[{"count":37,"href":"http:\/\/www.stabhochteam.ch\/index.php?rest_route=\/wp\/v2\/pages\/622\/revisions"}],"predecessor-version":[{"id":3833,"href":"http:\/\/www.stabhochteam.ch\/index.php?rest_route=\/wp\/v2\/pages\/622\/revisions\/3833"}],"wp:attachment":[{"href":"http:\/\/www.stabhochteam.ch\/index.php?rest_route=%2Fwp%2Fv2%2Fmedia&parent=622"}],"curies":[{"name":"wp","href":"https:\/\/api.w.org\/{rel}","templated":true}]}}